ivided by 7.
4
What is the remainder when 19710 is divided by 224?
222
What is the remainder when 85977 is divided by 199?
9
What is the remainder when 5623738 is divided by 199?
197
What is the remainder when 102338 is divided by 9?
8
Calculate the remainder when 4428 is divided by 2212.
4
What is the remainder when 8720 is divided by 153?
152
What is the remainder when 1188573 is divided by 8?
5
Calculate the remainder when 2364 is divided by 167.
26
Calculate the remainder when 243013 is divided by 5927.
6
What is the remainder when 65717 is divided by 811?
26
What is the remainder when 407 is divided by 29?
1
What is the remainder when 746909 is divided by 15?
14
What is the remainder when 57487 is divided by 728?
703
Calculate the remainder when 2745 is divided by 816.
297
What is the remainder when 22919 is divided by 1299?
836
What is the remainder when 109527 is divided by 4?
3
What is the remainder when 978 is divided by 55?
43
Calculate the remainder when 139141 is divided by 4.
1
Calculate the remainder when 891 is divided by 290.
21
What is the remainder when 7858888 is divided by 135?
133
What is the remainder when 9687 is divided by 234?
93
Calculate the remainder when 186820 is divided by 214.
212
Calculate the remainder when 14671 is divided by 166.
63
What is the remainder when 3058 is divided by 145?
13
What is the remainder when 4081886 is divided by 14?
4
Calculate the remainder when 3221 is divided by 12.
5
What is the remainder when 312178 is divided by 30?
28
Calculate the remainder when 326516 is divided by 561.
14
Calculate the remainder when 80710 is divided by 19.
17
Calculate the remainder when 694761 is divided by 18.
15
What is the remainder when 9722 is divided by 512?
506
What is the remainder when 1852 is divided by 854?
144
Calculate the remainder when 2035 is divided by 2000.
35
Calculate the remainder when 7025 is divided by 1314.
455
What is the remainder when 13212 is divided by 1467?
9
Calculate the remainder when 7940 is divided by 2640.
20
Calculate the remainder when 12540 is divided by 127.
94
Calculate the remainder when 158930 is divided by 898.
882
What is the remainder when 1196 is divided by 488?
220
Calculate the remainder when 7011 is divided by 2062.
825
Calculate the remainder when 16309 is divided by 2718.
1
What is the remainder when 9638 is divided by 60?
38
What is the remainder when 451 is divided by 26?
9
What is the remainder when 405 is divided by 233?
172
What is the remainder when 6588 is divided by 509?
480
Calculate the remainder when 4372 is divided by 11.
5
What is the remainder when 3814 is divided by 1585?
644
Calculate the remainder when 10140 is divided by 273.
39
Calculate the remainder when 201321 is divided by 11.
10
What is the remainder when 2523 is divided by 24?
3
Calculate the remainder when 29479 is divided by 23.
16
Calculate the remainder when 253893 is divided by 133.
129
What is the remainder when 4830 is divided by 369?
33
Calculate the remainder when 3113 is divided by 42.
5
What is the remainder when 11177 is divided by 254?
1
What is the remainder when 25853 is divided by 5167?
18
What is the remainder when 2221 is divided by 38?
17
Calculate the remainder when 2550 is divided by 685.
495
What is the remainder when 337162 is divided by 69?
28
What is the remainder when 76956 is divided by 46?
44
What is the remainder when 7913 is divided by 30?
23
Calculate the remainder when 4128 is divided by 297.
267
Calculate the remainder when 5357 is divided by 17.
2
What is the remainder when 121336 is divided by 136?
24
What is the remainder when 16127 is divided by 46?
27
What is the remainder when 14506 is divided by 2108?
1858
What is the remainder when 10624 is divided by 1274?
432
Calculate the remainder when 93915 is divided by 465.
450
What is the remainder when 1274 is divided by 288?
122
Calculate the remainder when 1099503 is divided by 5.
3
What is the remainder when 1658 is divided by 603?
452
Calculate the remainder when 10044 is divided by 719.
697
What is the remainder when 10209 is divided by 128?
97
What is the remainder when 20365 is divided by 76?
73
Calculate the remainder when 41324 is divided by 10331.
0
What is the remainder when 952 is divided by 118?
8
What is the remainder when 416 is divided by 137?
5
What is the remainder when 105353 is divided by 383?
28
What is the remainder when 2670 is divided by 468?
330
Calculate the remainder when 257440 is divided by 85807.
19
What is the remainder when 972554 is divided by 345?
344
Calculate the remainder when 3215 is divided by 1588.
39
What is the remainder when 157766 is divided by 328?
326
Calculate the remainder when 29848 is divided by 4264.
0
Calculate the remainder when 1984848 is divided by 34.
30
Calculate the remainder when 553 is divided by 136.
9
Calculate the remainder when 12024 is divided by 167.
0
Calculate the remainder when 43757 is divided by 143.
142
Calculate the remainder when 1379 is divided by 989.
390
What is the remainder when 595827 is divided by 109?
33
Calculate the remainder when 1369 is divided by 1096.
273
Calculate the remainder when 83832 is divided by 41913.
6
What is the remainder when 16299 is divided by 340?
319
Calculate the remainder when 174751 is divided by 508.
507
What is the remainder when 5163 is divided by 156?
15
Calculate the remainder when 14423 is divided by 3557.
195
What is the remainder when 103715 is divided by 63?
17
Calculate the remainder when 4446 is divided by 4135.
311
Calculate the remainder when 302987 is divided by 410.
407
What is the remainder when 112629 is divided by 121?
99
Calculate the remainder when 33566 is divided by 27.
5
What is the remainder when 430550 is divided by 143514?
8
What is the remainder when 235321 is divided by 7353?
25
What is the remainder when 29887 is divided by 1031?
1019
What is the remainder when 65 is divided by 14?
9
What is the remainder when 19865 is divided by 686?
657
What is the remainder when 586542 is divided by 112?
110
Calculate the remainder when 2817 is divided by 405.
387
Calculate the remainder when 18325 is divided by 18182.
143
What is the remainder when 20435181 is divided by 61?
59
Calculate the remainder when 788 is divided by 774.
14
Calculate the remainder when 3978 is divided by 404.
342
Calculate the remainder when 23660 is divided by 7886.
2
Calculate the remainder when 548503 is divided by 184.
183
What is the remainder when 12963 is divided by 209?
5
Calculate the remainder when 165770 is divided by 13.
7
Calculate the remainder when 861 is divided by 569.
292
What is the remainder when 5503 is divided by 613?
599
Calculate the remainder when 3089581 is divided by 63.
61
What is the remainder when 21570 is divided by 24?
18
What is the remainder when 6921 is divided by 486?
117
What is the remainder when 17028 is divided by 191?
29
Calculate the remainder when 493 is divided by 45.
43
What is the remainder when 4765 is divided by 1171?
81
What is the remainder when 83594 is divided by 685?
24
Calculate the remainder when 10514 is divided by 3482.
68
What is the remainder when 1035 is divided by 985?
50
What is the remainder when 1659 is divided by 70?
49
Calculate the remainder when 22627 is divided by 62.
59
Calculate the remainder when 216741 is divided by 72243.
12
What is the remainder when 31528 is divided by 4503?
7
What is the remainder when 1481 is divided by 81?
23
Calculate the remainder when 2748073 is divided by 25.
23
Calculate the remainder when 13137 is divided by 18.
15
Calculate the remainder when 155374 is divided by 593.
8
What is the remainder when 2729 is divided by 568?
457
What is the remainder when 16748 is divided by 24?
20
What is the remainder when 3433 is divided by 3424?
9
Calculate the remainder when 29488 is divided by 491.
28
Calculate the remainder when 1152 is divided by 1102.
50
What is the remainder when 8213 is divided by 4?
1
What is the remainder when 3266 is divided by 1255?
756
What is the remainder when 211788 is divided by 718?
696
Calculate the remainder when 8658 is divided by 376.
10
Calculate the remainder when 49464 is divided by 259.
254
Calculate the remainder when 5273 is divided by 1702.
167
Calculate the remainder whe